 72.
9
Calculate the greatest common divisor of 5148 and 924.
132
Calculate the highest common factor of 7075 and 10.
5
What is the greatest common divisor of 328 and 123?
41
What is the highest common divisor of 132 and 484?
44
What is the highest common divisor of 258 and 36?
6
What is the highest common factor of 1300 and 30?
10
Calculate the highest common divisor of 1 and 101.
1
What is the highest common factor of 4585 and 140?
35
Calculate the greatest common factor of 1 and 1283.
1
Calculate the greatest common divisor of 25 and 1.
1
Calculate the greatest common factor of 2204 and 58.
58
Calculate the greatest common factor of 63 and 119.
7
What is the greatest common factor of 320 and 40?
40
What is the greatest common factor of 2379 and 39?
39
What is the greatest common divisor of 188 and 7708?
188
Calculate the highest common divisor of 105 and 651.
21
What is the greatest common factor of 44 and 256?
4
What is the greatest common factor of 17 and 374?
17
What is the highest common divisor of 23 and 529?
23
What is the greatest common factor of 171 and 9?
9
What is the highest common factor of 6 and 3171?
3
What is the highest common divisor of 21677 and 106?
53
What is the highest common divisor of 377 and 29?
29
Calculate the greatest common factor of 1845 and 18.
9
What is the greatest common divisor of 115 and 23?
23
What is the greatest common divisor of 35 and 2105?
5
What is the greatest common factor of 45 and 205?
5
What is the highest common divisor of 171 and 72?
9
What is the greatest common factor of 25043 and 79?
79
Calculate the greatest common factor of 210 and 255.
15
Calculate the highest common factor of 18 and 480.
6
What is the greatest common factor of 3732 and 36?
12
Calculate the greatest common divisor of 1744 and 8938.
218
What is the greatest common factor of 36 and 20?
4
Calculate the greatest common factor of 306 and 3876.
102
Calculate the highest common divisor of 18285 and 159.
159
What is the highest common divisor of 252 and 21?
21
Calculate the highest common divisor of 322 and 92.
46
What is the highest common factor of 405 and 720?
45
What is the highest common factor of 742 and 6?
2
What is the greatest common divisor of 975 and 525?
75
What is the highest common factor of 12 and 114?
6
Calculate the greatest common factor of 442 and 34.
34
What is the highest common factor of 99 and 27?
9
Calculate the greatest common factor of 328 and 246.
82
Calculate the greatest common factor of 196 and 343.
49
What is the highest common divisor of 13 and 35737?
13
What is the highest common factor of 52 and 128?
4
Calculate the greatest common divisor of 204 and 124.
4
What is the greatest common divisor of 120 and 150?
30
Calculate the highest common divisor of 194 and 118.
2
Calculate the highest common factor of 4832 and 151.
151
Calculate the greatest common factor of 508 and 4.
4
Calculate the greatest common factor of 196 and 84.
28
Calculate the greatest common divisor of 88 and 2354.
22
What is the greatest common factor of 150 and 240?
30
What is the greatest common divisor of 4 and 764?
4
What is the highest common factor of 1212 and 12?
12
What is the greatest common divisor of 340 and 320?
20
What is the greatest common divisor of 1500 and 2400?
300
Calculate the highest common divisor of 5 and 165.
5
What is the highest common divisor of 1360 and 48?
16
Calculate the greatest common divisor of 2702 and 14.
14
What is the greatest common factor of 2312 and 136?
136
Calculate the greatest common factor of 270 and 1530.
90
What is the highest common factor of 111 and 888?
111
What is the highest common divisor of 13 and 149?
1
Calculate the greatest common divisor of 26 and 92.
2
What is the highest common divisor of 8 and 1140?
4
Calculate the greatest common factor of 5 and 1.
1
Calculate the greatest common divisor of 399 and 228.
57
What is the highest common divisor of 1363 and 188?
47
What is the greatest common factor of 2581 and 1602?
89
What is the highest common divisor of 9 and 15?
3
What is the greatest common divisor of 832 and 64?
64
Calculate the greatest common divisor of 279 and 124.
31
What is the highest common divisor of 384 and 372?
12
What is the greatest common divisor of 15 and 195?
15
Calculate the greatest common factor of 60 and 25410.
30
What is the highest common factor of 656 and 16?
16
What is the greatest common factor of 28 and 508?
4
Calculate the highest common divisor of 8112 and 64.
16
What is the highest common divisor of 14 and 1603?
7
Calculate the greatest common factor of 187 and 119.
17
What is the highest common divisor of 327 and 763?
109
What is the greatest common factor of 42744 and 208?
104
What is the highest common divisor of 45 and 198?
9
Calculate the highest common divisor of 170 and 25330.
170
Calculate the highest common factor of 185 and 259.
37
Calculate the highest common divisor of 742 and 154.
14
What is the greatest common divisor of 826 and 14?
14
What is the highest common divisor of 44 and 18524?
44
Calculate the greatest common factor of 25 and 1075.
25
Calculate the highest common divisor of 267 and 356.
89
Calculate the highest common factor of 48 and 64.
16
What is the greatest common divisor of 6766 and 238?
34
What is the greatest common factor of 19 and 95?
19
Calculate the greatest common divisor of 220 and 396.
44
Calculate the greatest common factor of 121 and 407.
11
Calculate the highest common factor of 138 and 27.
3
Calculate the greatest common divisor of 42 and 462.
42
Calculate the highest common divisor of 24 and 24912.
24
Calculate the greatest common factor of 128 and 352.
32
What is the highest common factor of 37 and 3?
1
What is the greatest common divisor of 18 and 342?
18
Calculate the highest common factor of 168 and 252.
84
Calculate the highest common factor of 248 and 8.
8
Calculate the greatest common factor of 21 and 525.
21
Calculate the highest common factor of 42 and 7028.
14
What is the greatest common divisor of 1260 and 1440?
180
What is the highest common factor of 26 and 2418?
26
Calculate the greatest common divisor of 2585 and 20.
5
What is the greatest common factor of 15 and 65?
5
Calculate the greatest common divisor of 12 and 96.
12
Calculate the highest common factor of 21 and 518.
7
What is the highest common factor of 455 and 195?
65
Calculate the greatest common divisor of 187 and 221.
17
Calculate the greatest common factor of 8520 and 96.
24
What is the greatest common factor of 228 and 6213?
57
What is the highest common factor of 1798 and 145?
29
What is the highest common factor of 256 and 16?
16
What is the greatest common factor of 144 and 64?
16
Calculate the greatest common factor of 340 and 20.
20
What is the highest common divisor of 2793 and 114?
57
Calculate the highest common factor of 130 and 1470.
10
Calculate the greatest common divisor of 6 and 762.
6
What is the greatest common factor of 34 and 8?
2
What is the highest common factor of 1500 and 60?
60
What is the greatest common factor of 702 and 6942?
78
What is the highest common factor of 655 and 5?
5
Calculate the greatest common factor of 858 and 1482.
78
What is the highest common divisor of 64 and 72?
8
Calculate the highest common divisor of 21615 and 165.
165
Calculate the greatest common factor of 10 and 12500.
10
What is the highest common divisor of 21 and 15827?
7
What is the greatest common factor of 544 and 22032?
272
What is the highest common divisor of 9 and 75?
3
What is the greatest common factor of 120 and 984?
24
What is the greatest common factor of 68 and 2142?
34
What is the highest common factor of 203 and 29?
29
Calculate the highest common factor of 42 and 4494.
42
Calculate the greatest common factor of 187 and 22.
11
What is the greatest common factor of 413 and 177?
59
What is the greatest common divisor of 162 and 270?
54
Calculate the highest common factor of 18 and 153.
9
Calculate the greatest common divisor of 2824 and 40.
8
What is the highest common divisor of 103 and 1?
1
What is the greatest common factor of 21270 and 60?
30
What is the highest common factor of 44 and 33?
11
Calculate the highest common factor of 6205 and 73.
73
Calculate the greatest common factor of 3